{"id":21538,"date":"2026-02-17T12:30:12","date_gmt":"2026-02-17T12:30:12","guid":{"rendered":"https:\/\/aliancaevangelica.pt\/site\/?page_id=21538"},"modified":"2026-04-08T14:19:38","modified_gmt":"2026-04-08T14:19:38","slug":"direitos-de-autor","status":"publish","type":"page","link":"https:\/\/aliancaevangelica.pt\/site\/direitos-de-autor\/","title":{"rendered":"Direitos de Autor"},"content":{"rendered":"\n<h3 class=\"wp-block-heading\"><strong>Utiliza\u00e7\u00e3o comercial<\/strong><\/h3>\n\n\n\n<p>Todos os materiais deste site s\u00e3o, salvo indica\u00e7\u00e3o em contr\u00e1rio, propriedade da \u00a9 2026 Alian\u00e7a Evang\u00e9lica Portuguesa, inscrita no Minist\u00e9rio da Justi\u00e7a, com natureza jur\u00eddica de direito privado sob o NIPC PT592000834 e regulamentada em conformidade com a legisla\u00e7\u00e3o Portuguesa. O cumprimento das restri\u00e7\u00f5es de Direitos de Autor exige que nenhuma parte deste site (escrita, \u00e1udio ou visual) poder\u00e1 ser reproduzida sob qualquer forma sem a permiss\u00e3o por escrito da Alian\u00e7a Evang\u00e9lica Portuguesa, Avenida Conselheiro Barjona de Freitas, 16-B, 1500-204 Lisboa, Portugal.<\/p>\n\n\n\n<h3 class=\"wp-block-heading\"><strong>Utiliza\u00e7\u00e3o pessoal<\/strong><\/h3>\n\n\n\n<p>No entanto, a limita\u00e7\u00e3o de reprodu\u00e7\u00e3o n\u00e3o pro\u00edbe uso pessoal. Pode visualizar e imprimir partes deste site para uso pessoal. Lembre-se, por favor, que o \u201cuso pessoal\u201d n\u00e3o inclui grandes grupos de pessoas ou a venda dos nossos materiais.<\/p>\n\n\n\n<p>Consulte aqui a nossa <a href=\"https:\/\/aliancaevangelica.pt\/site\/privacidade\/\">Pol\u00edtica de Privacidade<\/a>. Veja tamb\u00e9m a nossa <a href=\"https:\/\/aliancaevangelica.pt\/site\/sobre\/\">Declara\u00e7\u00e3o de F\u00e9<\/a>. Se tem alguma d\u00favida sobre as pol\u00edticas de Privacidade, Declara\u00e7\u00e3o de F\u00e9 e Direitos de Autor (copyright) deste site, por favor contacte-nos.<\/p>\n\n\n\n<h3 class=\"wp-block-heading\">Cr\u00e9ditos<\/h3>\n\n\n\n<p><a href=\"https:\/\/amathez.com\" target=\"_blank\" rel=\"noreferrer noopener\">Amathez \u2013 Creative Studio<\/a>,<br>Criado com <a href=\"https:\/\/wordpress.org\">WordPress<\/a><\/p>\n\n\n\n<div style=\"height:100px\" aria-hidden=\"true\" class=\"wp-block-spacer\"><\/div>\n","protected":false},"excerpt":{"rendered":"<p>Utiliza\u00e7\u00e3o comercial Todos os materiais deste site s\u00e3o, salvo indica\u00e7\u00e3o em contr\u00e1rio, propriedade da \u00a9 2026 Alian\u00e7a Evang\u00e9lica Portuguesa, inscrita no Minist\u00e9rio da Justi\u00e7a, com natureza jur\u00eddica de direito privado<\/p>\n","protected":false},"author":2,"featured_media":0,"parent":0,"menu_order":0,"comment_status":"closed","ping_status":"closed","template":"","meta":{"_uag_custom_page_level_css":"","_themeisle_gutenberg_block_has_review":false,"_vp_format_video_url":"","_vp_image_focal_point":[],"footnotes":""},"class_list":["post-21538","page","type-page","status-publish","hentry"],"yoast_head":"<!-- This site is optimized with the Yoast SEO plugin v27.4 - https:\/\/yoast.com\/product\/yoast-seo-wordpress\/ -->\n<title>Direitos de Autor -<\/title>\n<meta name=\"robots\" content=\"index, follow, max-snippet:-1, max-image-preview:large, max-video-preview:-1\" \/>\n<link rel=\"canonical\" href=\"https:\/\/aliancaevangelica.pt\/site\/direitos-de-autor\/\" \/>\n<meta property=\"og:locale\" content=\"pt_PT\" \/>\n<meta property=\"og:type\" content=\"article\" \/>\n<meta property=\"og:title\" content=\"Direitos de Autor -\" \/>\n<meta property=\"og:description\" content=\"Utiliza\u00e7\u00e3o comercial Todos os materiais deste site s\u00e3o, salvo indica\u00e7\u00e3o em contr\u00e1rio, propriedade da \u00a9 2026 Alian\u00e7a Evang\u00e9lica Portuguesa, inscrita no Minist\u00e9rio da Justi\u00e7a, com natureza jur\u00eddica de direito privado\" \/>\n<meta property=\"og:url\" content=\"https:\/\/aliancaevangelica.pt\/site\/direitos-de-autor\/\" \/>\n<meta property=\"article:publisher\" content=\"http:\/\/facebook.com\/aeportuguesa\" \/>\n<meta property=\"article:modified_time\" content=\"2026-04-08T14:19:38+00:00\" \/>\n<meta name=\"twitter:card\" content=\"summary_large_image\" \/>\n<meta name=\"twitter:label1\" content=\"Tempo estimado de leitura\" \/>\n\t<meta name=\"twitter:data1\" content=\"1 minuto\" \/>\n<script type=\"application\/ld+json\" class=\"yoast-schema-graph\">{\"@context\":\"https:\\\/\\\/schema.org\",\"@graph\":[{\"@type\":\"WebPage\",\"@id\":\"https:\\\/\\\/aliancaevangelica.pt\\\/site\\\/direitos-de-autor\\\/\",\"url\":\"https:\\\/\\\/aliancaevangelica.pt\\\/site\\\/direitos-de-autor\\\/\",\"name\":\"Direitos de Autor -\",\"isPartOf\":{\"@id\":\"https:\\\/\\\/aliancaevangelica.pt\\\/site\\\/#website\"},\"datePublished\":\"2026-02-17T12:30:12+00:00\",\"dateModified\":\"2026-04-08T14:19:38+00:00\",\"breadcrumb\":{\"@id\":\"https:\\\/\\\/aliancaevangelica.pt\\\/site\\\/direitos-de-autor\\\/#breadcrumb\"},\"inLanguage\":\"pt-PT\",\"potentialAction\":[{\"@type\":\"ReadAction\",\"target\":[\"https:\\\/\\\/aliancaevangelica.pt\\\/site\\\/direitos-de-autor\\\/\"]}]},{\"@type\":\"BreadcrumbList\",\"@id\":\"https:\\\/\\\/aliancaevangelica.pt\\\/site\\\/direitos-de-autor\\\/#breadcrumb\",\"itemListElement\":[{\"@type\":\"ListItem\",\"position\":1,\"name\":\"In\u00edcio\",\"item\":\"https:\\\/\\\/aliancaevangelica.pt\\\/site\\\/\"},{\"@type\":\"ListItem\",\"position\":2,\"name\":\"Direitos de Autor\"}]},{\"@type\":\"WebSite\",\"@id\":\"https:\\\/\\\/aliancaevangelica.pt\\\/site\\\/#website\",\"url\":\"https:\\\/\\\/aliancaevangelica.pt\\\/site\\\/\",\"name\":\"Alian\u00e7a Evang\u00e9lica Portuguesa\",\"description\":\"\",\"publisher\":{\"@id\":\"https:\\\/\\\/aliancaevangelica.pt\\\/site\\\/#organization\"},\"potentialAction\":[{\"@type\":\"SearchAction\",\"target\":{\"@type\":\"EntryPoint\",\"urlTemplate\":\"https:\\\/\\\/aliancaevangelica.pt\\\/site\\\/?s={search_term_string}\"},\"query-input\":{\"@type\":\"PropertyValueSpecification\",\"valueRequired\":true,\"valueName\":\"search_term_string\"}}],\"inLanguage\":\"pt-PT\"},{\"@type\":\"Organization\",\"@id\":\"https:\\\/\\\/aliancaevangelica.pt\\\/site\\\/#organization\",\"name\":\"Alian\u00e7a Evang\u00e9lica Portuguesa\",\"url\":\"https:\\\/\\\/aliancaevangelica.pt\\\/site\\\/\",\"logo\":{\"@type\":\"ImageObject\",\"inLanguage\":\"pt-PT\",\"@id\":\"https:\\\/\\\/aliancaevangelica.pt\\\/site\\\/#\\\/schema\\\/logo\\\/image\\\/\",\"url\":\"https:\\\/\\\/aliancaevangelica.pt\\\/site\\\/wp-content\\\/uploads\\\/2017\\\/11\\\/logo-AEP-cor.png\",\"contentUrl\":\"https:\\\/\\\/aliancaevangelica.pt\\\/site\\\/wp-content\\\/uploads\\\/2017\\\/11\\\/logo-AEP-cor.png\",\"width\":1156,\"height\":672,\"caption\":\"Alian\u00e7a Evang\u00e9lica Portuguesa\"},\"image\":{\"@id\":\"https:\\\/\\\/aliancaevangelica.pt\\\/site\\\/#\\\/schema\\\/logo\\\/image\\\/\"},\"sameAs\":[\"http:\\\/\\\/facebook.com\\\/aeportuguesa\",\"http:\\\/\\\/instagram.com\\\/aliancaep\",\"http:\\\/\\\/youtube.com\\\/aeportuguesa\"]}]}<\/script>\n<!-- \/ Yoast SEO plugin. -->","yoast_head_json":{"title":"Direitos de Autor -","robots":{"index":"index","follow":"follow","max-snippet":"max-snippet:-1","max-image-preview":"max-image-preview:large","max-video-preview":"max-video-preview:-1"},"canonical":"https:\/\/aliancaevangelica.pt\/site\/direitos-de-autor\/","og_locale":"pt_PT","og_type":"article","og_title":"Direitos de Autor -","og_description":"Utiliza\u00e7\u00e3o comercial Todos os materiais deste site s\u00e3o, salvo indica\u00e7\u00e3o em contr\u00e1rio, propriedade da \u00a9 2026 Alian\u00e7a Evang\u00e9lica Portuguesa, inscrita no Minist\u00e9rio da Justi\u00e7a, com natureza jur\u00eddica de direito privado","og_url":"https:\/\/aliancaevangelica.pt\/site\/direitos-de-autor\/","article_publisher":"http:\/\/facebook.com\/aeportuguesa","article_modified_time":"2026-04-08T14:19:38+00:00","twitter_card":"summary_large_image","twitter_misc":{"Tempo estimado de leitura":"1 minuto"},"schema":{"@context":"https:\/\/schema.org","@graph":[{"@type":"WebPage","@id":"https:\/\/aliancaevangelica.pt\/site\/direitos-de-autor\/","url":"https:\/\/aliancaevangelica.pt\/site\/direitos-de-autor\/","name":"Direitos de Autor -","isPartOf":{"@id":"https:\/\/aliancaevangelica.pt\/site\/#website"},"datePublished":"2026-02-17T12:30:12+00:00","dateModified":"2026-04-08T14:19:38+00:00","breadcrumb":{"@id":"https:\/\/aliancaevangelica.pt\/site\/direitos-de-autor\/#breadcrumb"},"inLanguage":"pt-PT","potentialAction":[{"@type":"ReadAction","target":["https:\/\/aliancaevangelica.pt\/site\/direitos-de-autor\/"]}]},{"@type":"BreadcrumbList","@id":"https:\/\/aliancaevangelica.pt\/site\/direitos-de-autor\/#breadcrumb","itemListElement":[{"@type":"ListItem","position":1,"name":"In\u00edcio","item":"https:\/\/aliancaevangelica.pt\/site\/"},{"@type":"ListItem","position":2,"name":"Direitos de Autor"}]},{"@type":"WebSite","@id":"https:\/\/aliancaevangelica.pt\/site\/#website","url":"https:\/\/aliancaevangelica.pt\/site\/","name":"Alian\u00e7a Evang\u00e9lica Portuguesa","description":"","publisher":{"@id":"https:\/\/aliancaevangelica.pt\/site\/#organization"},"potentialAction":[{"@type":"SearchAction","target":{"@type":"EntryPoint","urlTemplate":"https:\/\/aliancaevangelica.pt\/site\/?s={search_term_string}"},"query-input":{"@type":"PropertyValueSpecification","valueRequired":true,"valueName":"search_term_string"}}],"inLanguage":"pt-PT"},{"@type":"Organization","@id":"https:\/\/aliancaevangelica.pt\/site\/#organization","name":"Alian\u00e7a Evang\u00e9lica Portuguesa","url":"https:\/\/aliancaevangelica.pt\/site\/","logo":{"@type":"ImageObject","inLanguage":"pt-PT","@id":"https:\/\/aliancaevangelica.pt\/site\/#\/schema\/logo\/image\/","url":"https:\/\/aliancaevangelica.pt\/site\/wp-content\/uploads\/2017\/11\/logo-AEP-cor.png","contentUrl":"https:\/\/aliancaevangelica.pt\/site\/wp-content\/uploads\/2017\/11\/logo-AEP-cor.png","width":1156,"height":672,"caption":"Alian\u00e7a Evang\u00e9lica Portuguesa"},"image":{"@id":"https:\/\/aliancaevangelica.pt\/site\/#\/schema\/logo\/image\/"},"sameAs":["http:\/\/facebook.com\/aeportuguesa","http:\/\/instagram.com\/aliancaep","http:\/\/youtube.com\/aeportuguesa"]}]}},"uagb_featured_image_src":{"full":false,"thumbnail":false,"medium":false,"medium_large":false,"large":false,"1536x1536":false,"2048x2048":false,"vp_sm":false,"vp_md":false,"vp_lg":false,"vp_xl":false,"vp_sm_popup":false,"vp_md_popup":false,"vp_xl_popup":false,"newsx-150x100":false,"newsx-330x220":false,"newsx-420x280":false,"newsx-510x340":false,"newsx-640x480":false,"newsx-670x370":false,"newsx-860x570":false,"newsx-1000x750":false,"newsx-1200x600":false},"uagb_author_info":{"display_name":"AEP","author_link":"https:\/\/aliancaevangelica.pt\/site\/author\/aeportugal\/"},"uagb_comment_info":0,"uagb_excerpt":"Utiliza\u00e7\u00e3o comercial Todos os materiais deste site s\u00e3o, salvo indica\u00e7\u00e3o em contr\u00e1rio, propriedade da \u00a9 2026 Alian\u00e7a Evang\u00e9lica Portuguesa, inscrita no Minist\u00e9rio da Justi\u00e7a, com natureza jur\u00eddica de direito privado","_links":{"self":[{"href":"https:\/\/aliancaevangelica.pt\/site\/wp-json\/wp\/v2\/pages\/21538","targetHints":{"allow":["GET"]}}],"collection":[{"href":"https:\/\/aliancaevangelica.pt\/site\/wp-json\/wp\/v2\/pages"}],"about":[{"href":"https:\/\/aliancaevangelica.pt\/site\/wp-json\/wp\/v2\/types\/page"}],"author":[{"embeddable":true,"href":"https:\/\/aliancaevangelica.pt\/site\/wp-json\/wp\/v2\/users\/2"}],"replies":[{"embeddable":true,"href":"https:\/\/aliancaevangelica.pt\/site\/wp-json\/wp\/v2\/comments?post=21538"}],"version-history":[{"count":8,"href":"https:\/\/aliancaevangelica.pt\/site\/wp-json\/wp\/v2\/pages\/21538\/revisions"}],"predecessor-version":[{"id":22532,"href":"https:\/\/aliancaevangelica.pt\/site\/wp-json\/wp\/v2\/pages\/21538\/revisions\/22532"}],"wp:attachment":[{"href":"https:\/\/aliancaevangelica.pt\/site\/wp-json\/wp\/v2\/media?parent=21538"}],"curies":[{"name":"wp","href":"https:\/\/api.w.org\/{rel}","templated":true}]}}