{"id":19304,"date":"2021-11-03T16:07:07","date_gmt":"2021-11-03T16:07:07","guid":{"rendered":"https:\/\/aliancaevangelica.pt\/site\/?page_id=19304"},"modified":"2021-11-09T15:47:34","modified_gmt":"2021-11-09T15:47:34","slug":"rev-paulo-irwin-torres-1949-1955","status":"publish","type":"page","link":"https:\/\/aliancaevangelica.pt\/site\/rev-paulo-irwin-torres-1949-1955\/","title":{"rendered":"Rev. Paulo Irwin Torres 1949-1955"},"content":{"rendered":"\n<figure class=\"wp-block-image size-large\"><img loading=\"lazy\" decoding=\"async\" width=\"724\" height=\"1024\" src=\"https:\/\/aliancaevangelica.pt\/site\/wp-content\/uploads\/2021\/11\/Apresentac\u0327a\u0303o-3-724x1024.jpg\" alt=\"\" class=\"wp-image-19261\" srcset=\"https:\/\/aliancaevangelica.pt\/site\/wp-content\/uploads\/2021\/11\/Apresentac\u0327a\u0303o-3-724x1024.jpg 724w, https:\/\/aliancaevangelica.pt\/site\/wp-content\/uploads\/2021\/11\/Apresentac\u0327a\u0303o-3-212x300.jpg 212w, https:\/\/aliancaevangelica.pt\/site\/wp-content\/uploads\/2021\/11\/Apresentac\u0327a\u0303o-3-768x1086.jpg 768w, https:\/\/aliancaevangelica.pt\/site\/wp-content\/uploads\/2021\/11\/Apresentac\u0327a\u0303o-3.jpg 877w\" sizes=\"auto, (max-width: 724px) 100vw, 724px\" \/><\/figure>\n\n\n\n<p>Herdeiro de tradi\u00e7\u00e3o protestante de v\u00e1rias gera\u00e7\u00f5es por via materna, Paulo Irwin Torres nasceu em Lisboa a 19 de dezembro de 1890, filho de Augusto Ferreira Torres, pastor da igreja lusitana de S\u00e3o Paulo, em Lisboa, e de Virg\u00ednia Irwin Torres, professora da escola que lhe estava anexa; casados desde 1882, j\u00e1 ent\u00e3o eram pais de Abel. Augusto tinha sido um dos primeiros convertidos \u00e0 f\u00e9 protestante, na comunidade de matriz episcopal estabelecida em Lisboa desde 1867 pelo antigo presb\u00edtero cat\u00f3lico espanhol \u00c2ngel Herreros de Mora. Virg\u00ednia era filha de um protestante irland\u00eas e de uma senhora portuguesa. Apesar de jovem, Augusto Torres viria a tornar-se um dos mais notados l\u00edderes da igreja lusitana e um dos seus mais apreciados pregadores, mas acabou os seus dias com apenas 35 anos. Educado nos princ\u00edpios e valores evang\u00e9licos de seus pais, Paulo Irwin Torres viria a demonstrar voca\u00e7\u00e3o de pregador logo aos 17 anos, com o seu primeiro serm\u00e3o anunciado a 13 de abril de 1908 na congrega\u00e7\u00e3o lusitana em Set\u00fabal, cidade em que passou parte da sua inf\u00e2ncia ap\u00f3s o falecimento do pai. Tornou-se um pregador e divulgador das Sagradas Escrituras ao servi\u00e7o da Sociedade B\u00edblica, tendo a sua primeira liga\u00e7\u00e3o ao meio congregacional, servindo como evangelista da Igreja Evang\u00e9lica Lisbonense, em 1914, mas logo no ano seguinte fundou a que mais tarde seria a Igreja Evang\u00e9lica Nacional, sem liga\u00e7\u00e3o a qualquer movimento denominacional ent\u00e3o existente no pa\u00eds. A sua liga\u00e7\u00e3o aos batistas come\u00e7ara quando Torres era ainda colportor, mas s\u00f3 em 1922, ap\u00f3s diversos contactos pr\u00e9vios, a congrega\u00e7\u00e3o de que era pastor viria a tornar-se a Primeira Igreja Baptista de Lisboa, mais concretamente a 20 de agosto, em que cerca de 20 crentes foram imersos nas \u00e1guas do rio Tejo. Viria a servir esta igreja at\u00e9 ao seu falecimento, embora a partir de 1959 tenha contado com a colabora\u00e7\u00e3o de Celestino de Oliveira, seu genro, como pastor dessa mesma comunidade. A sua personalidade e talentos multifacetados levaram-no a ser um evangelizador nato, mais at\u00e9 do que pastor, segundo o mission\u00e1rio Jo\u00e3o Jorge de Oliveira, da\u00ed resultando o surgimento de pontos de prega\u00e7\u00e3o, miss\u00f5es, igrejas, um pouco por todo o pa\u00eds, mas em particular na cidade e regi\u00e3o de Lisboa. Foi tamb\u00e9m um pregador eloquente, herdando de seu pai esse dote. Dedicou-se \u00e0 escrita e \u00e0 edi\u00e7\u00e3o colaborando com v\u00e1rias publica\u00e7\u00f5es peri\u00f3dicas como <em>O Evangelizador<\/em>, que fundou, <em>Crist\u00e3o Baptista<\/em>, <em>Semeador Baptista<\/em>, entre outros. Promoveu iniciativas que agregavam centenas de pessoas, entre as quais os Congressos Evangel\u00edsticos e as Semanas da Mocidade. A sua faceta de organizador levou-o a servir diversas organiza\u00e7\u00f5es como a Uni\u00e3o Crist\u00e3 da Mocidade, ainda jovem, e mais tarde como presidente da Conven\u00e7\u00e3o Baptista Portuguesa, por sucessivos mandatos. Quando ao fim de quase 25 anos Eduardo Moreira se retirou da presid\u00eancia da Alian\u00e7a Evang\u00e9lica Portuguesa numa \u00e9poca de grandes tens\u00f5es internas, o escolhido para o substituir pela comunidade protestante no pa\u00eds foi Torres, que desempenhou essa fun\u00e7\u00e3o por dois mandatos. Foi casado com Isabel Zina Lino desde 1912, com quem teve 4 filhos e 3 filhas. Faleceu na cidade onde sempre habitou a 28 de junho de 1966.<\/p>\n","protected":false},"excerpt":{"rendered":"<p>Herdeiro de tradi\u00e7\u00e3o protestante de v\u00e1rias gera\u00e7\u00f5es por via materna, Paulo Irwin Torres nasceu em Lisboa a 19 de dezembro de 1890, filho de Augusto Ferreira Torres, pastor da igreja lusitana de S\u00e3o Paulo, em Lisboa, e de Virg\u00ednia Irwin Torres, professora da escola que lhe estava anexa; casados desde 1882, j\u00e1 ent\u00e3o eram pais<\/p>\n","protected":false},"author":2,"featured_media":0,"parent":0,"menu_order":0,"comment_status":"closed","ping_status":"closed","template":"","meta":{"_uag_custom_page_level_css":"","_themeisle_gutenberg_block_has_review":false,"_vp_format_video_url":"","_vp_image_focal_point":[],"footnotes":""},"class_list":["post-19304","page","type-page","status-publish","hentry"],"yoast_head":"<!-- This site is optimized with the Yoast SEO plugin v27.5 - https:\/\/yoast.com\/product\/yoast-seo-wordpress\/ -->\n<title>Rev. Paulo Irwin Torres 1949-1955 - AEP<\/title>\n<meta name=\"robots\" content=\"index, follow, max-snippet:-1, max-image-preview:large, max-video-preview:-1\" \/>\n<link rel=\"canonical\" href=\"https:\/\/aliancaevangelica.pt\/site\/rev-paulo-irwin-torres-1949-1955\/\" \/>\n<meta property=\"og:locale\" content=\"pt_PT\" \/>\n<meta property=\"og:type\" content=\"article\" \/>\n<meta property=\"og:title\" content=\"Rev. Paulo Irwin Torres 1949-1955 - AEP\" \/>\n<meta property=\"og:description\" content=\"Herdeiro de tradi\u00e7\u00e3o protestante de v\u00e1rias gera\u00e7\u00f5es por via materna, Paulo Irwin Torres nasceu em Lisboa a 19 de dezembro de 1890, filho de Augusto Ferreira Torres, pastor da igreja lusitana de S\u00e3o Paulo, em Lisboa, e de Virg\u00ednia Irwin Torres, professora da escola que lhe estava anexa; casados desde 1882, j\u00e1 ent\u00e3o eram pais\" \/>\n<meta property=\"og:url\" content=\"https:\/\/aliancaevangelica.pt\/site\/rev-paulo-irwin-torres-1949-1955\/\" \/>\n<meta property=\"og:site_name\" content=\"AEP\" \/>\n<meta property=\"article:publisher\" content=\"http:\/\/facebook.com\/aeportuguesa\" \/>\n<meta property=\"article:modified_time\" content=\"2021-11-09T15:47:34+00:00\" \/>\n<meta name=\"twitter:card\" content=\"summary_large_image\" \/>\n<meta name=\"twitter:label1\" content=\"Tempo estimado de leitura\" \/>\n\t<meta name=\"twitter:data1\" content=\"3 minutos\" \/>\n<script type=\"application\/ld+json\" class=\"yoast-schema-graph\">{\"@context\":\"https:\\\/\\\/schema.org\",\"@graph\":[{\"@type\":\"WebPage\",\"@id\":\"https:\\\/\\\/aliancaevangelica.pt\\\/site\\\/rev-paulo-irwin-torres-1949-1955\\\/\",\"url\":\"https:\\\/\\\/aliancaevangelica.pt\\\/site\\\/rev-paulo-irwin-torres-1949-1955\\\/\",\"name\":\"Rev. Paulo Irwin Torres 1949-1955 - AEP\",\"isPartOf\":{\"@id\":\"https:\\\/\\\/aliancaevangelica.pt\\\/site\\\/#website\"},\"datePublished\":\"2021-11-03T16:07:07+00:00\",\"dateModified\":\"2021-11-09T15:47:34+00:00\",\"breadcrumb\":{\"@id\":\"https:\\\/\\\/aliancaevangelica.pt\\\/site\\\/rev-paulo-irwin-torres-1949-1955\\\/#breadcrumb\"},\"inLanguage\":\"pt-PT\",\"potentialAction\":[{\"@type\":\"ReadAction\",\"target\":[\"https:\\\/\\\/aliancaevangelica.pt\\\/site\\\/rev-paulo-irwin-torres-1949-1955\\\/\"]}]},{\"@type\":\"BreadcrumbList\",\"@id\":\"https:\\\/\\\/aliancaevangelica.pt\\\/site\\\/rev-paulo-irwin-torres-1949-1955\\\/#breadcrumb\",\"itemListElement\":[{\"@type\":\"ListItem\",\"position\":1,\"name\":\"In\u00edcio\",\"item\":\"https:\\\/\\\/aliancaevangelica.pt\\\/site\\\/\"},{\"@type\":\"ListItem\",\"position\":2,\"name\":\"Rev. Paulo Irwin Torres 1949-1955\"}]},{\"@type\":\"WebSite\",\"@id\":\"https:\\\/\\\/aliancaevangelica.pt\\\/site\\\/#website\",\"url\":\"https:\\\/\\\/aliancaevangelica.pt\\\/site\\\/\",\"name\":\"Alian\u00e7a Evang\u00e9lica Portuguesa\",\"description\":\"Alian\u00e7a Evang\u00e9lica Portuguesa\",\"publisher\":{\"@id\":\"https:\\\/\\\/aliancaevangelica.pt\\\/site\\\/#organization\"},\"potentialAction\":[{\"@type\":\"SearchAction\",\"target\":{\"@type\":\"EntryPoint\",\"urlTemplate\":\"https:\\\/\\\/aliancaevangelica.pt\\\/site\\\/?s={search_term_string}\"},\"query-input\":{\"@type\":\"PropertyValueSpecification\",\"valueRequired\":true,\"valueName\":\"search_term_string\"}}],\"inLanguage\":\"pt-PT\"},{\"@type\":\"Organization\",\"@id\":\"https:\\\/\\\/aliancaevangelica.pt\\\/site\\\/#organization\",\"name\":\"Alian\u00e7a Evang\u00e9lica Portuguesa\",\"url\":\"https:\\\/\\\/aliancaevangelica.pt\\\/site\\\/\",\"logo\":{\"@type\":\"ImageObject\",\"inLanguage\":\"pt-PT\",\"@id\":\"https:\\\/\\\/aliancaevangelica.pt\\\/site\\\/#\\\/schema\\\/logo\\\/image\\\/\",\"url\":\"https:\\\/\\\/aliancaevangelica.pt\\\/site\\\/wp-content\\\/uploads\\\/2017\\\/11\\\/logo-AEP-cor.png\",\"contentUrl\":\"https:\\\/\\\/aliancaevangelica.pt\\\/site\\\/wp-content\\\/uploads\\\/2017\\\/11\\\/logo-AEP-cor.png\",\"width\":1156,\"height\":672,\"caption\":\"Alian\u00e7a Evang\u00e9lica Portuguesa\"},\"image\":{\"@id\":\"https:\\\/\\\/aliancaevangelica.pt\\\/site\\\/#\\\/schema\\\/logo\\\/image\\\/\"},\"sameAs\":[\"http:\\\/\\\/facebook.com\\\/aeportuguesa\",\"http:\\\/\\\/instagram.com\\\/aliancaep\",\"http:\\\/\\\/youtube.com\\\/aeportuguesa\"]}]}<\/script>\n<!-- \/ Yoast SEO plugin. -->","yoast_head_json":{"title":"Rev. Paulo Irwin Torres 1949-1955 - AEP","robots":{"index":"index","follow":"follow","max-snippet":"max-snippet:-1","max-image-preview":"max-image-preview:large","max-video-preview":"max-video-preview:-1"},"canonical":"https:\/\/aliancaevangelica.pt\/site\/rev-paulo-irwin-torres-1949-1955\/","og_locale":"pt_PT","og_type":"article","og_title":"Rev. Paulo Irwin Torres 1949-1955 - AEP","og_description":"Herdeiro de tradi\u00e7\u00e3o protestante de v\u00e1rias gera\u00e7\u00f5es por via materna, Paulo Irwin Torres nasceu em Lisboa a 19 de dezembro de 1890, filho de Augusto Ferreira Torres, pastor da igreja lusitana de S\u00e3o Paulo, em Lisboa, e de Virg\u00ednia Irwin Torres, professora da escola que lhe estava anexa; casados desde 1882, j\u00e1 ent\u00e3o eram pais","og_url":"https:\/\/aliancaevangelica.pt\/site\/rev-paulo-irwin-torres-1949-1955\/","og_site_name":"AEP","article_publisher":"http:\/\/facebook.com\/aeportuguesa","article_modified_time":"2021-11-09T15:47:34+00:00","twitter_card":"summary_large_image","twitter_misc":{"Tempo estimado de leitura":"3 minutos"},"schema":{"@context":"https:\/\/schema.org","@graph":[{"@type":"WebPage","@id":"https:\/\/aliancaevangelica.pt\/site\/rev-paulo-irwin-torres-1949-1955\/","url":"https:\/\/aliancaevangelica.pt\/site\/rev-paulo-irwin-torres-1949-1955\/","name":"Rev. Paulo Irwin Torres 1949-1955 - AEP","isPartOf":{"@id":"https:\/\/aliancaevangelica.pt\/site\/#website"},"datePublished":"2021-11-03T16:07:07+00:00","dateModified":"2021-11-09T15:47:34+00:00","breadcrumb":{"@id":"https:\/\/aliancaevangelica.pt\/site\/rev-paulo-irwin-torres-1949-1955\/#breadcrumb"},"inLanguage":"pt-PT","potentialAction":[{"@type":"ReadAction","target":["https:\/\/aliancaevangelica.pt\/site\/rev-paulo-irwin-torres-1949-1955\/"]}]},{"@type":"BreadcrumbList","@id":"https:\/\/aliancaevangelica.pt\/site\/rev-paulo-irwin-torres-1949-1955\/#breadcrumb","itemListElement":[{"@type":"ListItem","position":1,"name":"In\u00edcio","item":"https:\/\/aliancaevangelica.pt\/site\/"},{"@type":"ListItem","position":2,"name":"Rev. Paulo Irwin Torres 1949-1955"}]},{"@type":"WebSite","@id":"https:\/\/aliancaevangelica.pt\/site\/#website","url":"https:\/\/aliancaevangelica.pt\/site\/","name":"Alian\u00e7a Evang\u00e9lica Portuguesa","description":"Alian\u00e7a Evang\u00e9lica Portuguesa","publisher":{"@id":"https:\/\/aliancaevangelica.pt\/site\/#organization"},"potentialAction":[{"@type":"SearchAction","target":{"@type":"EntryPoint","urlTemplate":"https:\/\/aliancaevangelica.pt\/site\/?s={search_term_string}"},"query-input":{"@type":"PropertyValueSpecification","valueRequired":true,"valueName":"search_term_string"}}],"inLanguage":"pt-PT"},{"@type":"Organization","@id":"https:\/\/aliancaevangelica.pt\/site\/#organization","name":"Alian\u00e7a Evang\u00e9lica Portuguesa","url":"https:\/\/aliancaevangelica.pt\/site\/","logo":{"@type":"ImageObject","inLanguage":"pt-PT","@id":"https:\/\/aliancaevangelica.pt\/site\/#\/schema\/logo\/image\/","url":"https:\/\/aliancaevangelica.pt\/site\/wp-content\/uploads\/2017\/11\/logo-AEP-cor.png","contentUrl":"https:\/\/aliancaevangelica.pt\/site\/wp-content\/uploads\/2017\/11\/logo-AEP-cor.png","width":1156,"height":672,"caption":"Alian\u00e7a Evang\u00e9lica Portuguesa"},"image":{"@id":"https:\/\/aliancaevangelica.pt\/site\/#\/schema\/logo\/image\/"},"sameAs":["http:\/\/facebook.com\/aeportuguesa","http:\/\/instagram.com\/aliancaep","http:\/\/youtube.com\/aeportuguesa"]}]}},"uagb_featured_image_src":{"full":false,"thumbnail":false,"medium":false,"medium_large":false,"large":false,"1536x1536":false,"2048x2048":false,"vp_sm":false,"vp_md":false,"vp_lg":false,"vp_xl":false,"vp_sm_popup":false,"vp_md_popup":false,"vp_xl_popup":false,"newsx-150x100":false,"newsx-330x220":false,"newsx-420x280":false,"newsx-510x340":false,"newsx-640x480":false,"newsx-670x370":false,"newsx-860x570":false,"newsx-1000x750":false,"newsx-1200x600":false},"uagb_author_info":{"display_name":"AEP","author_link":"https:\/\/aliancaevangelica.pt\/site\/author\/aeportugal\/"},"uagb_comment_info":0,"uagb_excerpt":"Herdeiro de tradi\u00e7\u00e3o protestante de v\u00e1rias gera\u00e7\u00f5es por via materna, Paulo Irwin Torres nasceu em Lisboa a 19 de dezembro de 1890, filho de Augusto Ferreira Torres, pastor da igreja lusitana de S\u00e3o Paulo, em Lisboa, e de Virg\u00ednia Irwin Torres, professora da escola que lhe estava anexa; casados desde 1882, j\u00e1 ent\u00e3o eram pais","_links":{"self":[{"href":"https:\/\/aliancaevangelica.pt\/site\/wp-json\/wp\/v2\/pages\/19304","targetHints":{"allow":["GET"]}}],"collection":[{"href":"https:\/\/aliancaevangelica.pt\/site\/wp-json\/wp\/v2\/pages"}],"about":[{"href":"https:\/\/aliancaevangelica.pt\/site\/wp-json\/wp\/v2\/types\/page"}],"author":[{"embeddable":true,"href":"https:\/\/aliancaevangelica.pt\/site\/wp-json\/wp\/v2\/users\/2"}],"replies":[{"embeddable":true,"href":"https:\/\/aliancaevangelica.pt\/site\/wp-json\/wp\/v2\/comments?post=19304"}],"version-history":[{"count":5,"href":"https:\/\/aliancaevangelica.pt\/site\/wp-json\/wp\/v2\/pages\/19304\/revisions"}],"predecessor-version":[{"id":19327,"href":"https:\/\/aliancaevangelica.pt\/site\/wp-json\/wp\/v2\/pages\/19304\/revisions\/19327"}],"wp:attachment":[{"href":"https:\/\/aliancaevangelica.pt\/site\/wp-json\/wp\/v2\/media?parent=19304"}],"curies":[{"name":"wp","href":"https:\/\/api.w.org\/{rel}","templated":true}]}}