{"version":"1.0","provider_name":"AEP","provider_url":"https:\/\/aliancaevangelica.pt\/site","author_name":"AEP","author_url":"https:\/\/aliancaevangelica.pt\/site\/author\/aeportugal\/","title":"Solidariedade com as V\u00edtimas da Depress\u00e3o Kristin - AEP","type":"rich","width":600,"height":338,"html":"<blockquote class=\"wp-embedded-content\" data-secret=\"UQl0Nv6pAs\"><a href=\"https:\/\/aliancaevangelica.pt\/site\/solidariedade-com-as-vitimas-da-depressao-kristin\/\">Solidariedade com as V\u00edtimas da Depress\u00e3o Kristin<\/a><\/blockquote><iframe sandbox=\"allow-scripts\" security=\"restricted\" src=\"https:\/\/aliancaevangelica.pt\/site\/solidariedade-com-as-vitimas-da-depressao-kristin\/embed\/#?secret=UQl0Nv6pAs\" width=\"600\" height=\"338\" title=\"&#8220;Solidariedade com as V\u00edtimas da Depress\u00e3o Kristin&#8221; &#8212; AEP\" data-secret=\"UQl0Nv6pAs\" frameborder=\"0\" marginwidth=\"0\" marginheight=\"0\" scrolling=\"no\" class=\"wp-embedded-content\"><\/iframe><script type=\"text\/javascript\">\n\/* <![CDATA[ *\/\n\/*! This file is auto-generated *\/\n!function(d,l){\"use strict\";l.querySelector&&d.addEventListener&&\"undefined\"!=typeof URL&&(d.wp=d.wp||{},d.wp.receiveEmbedMessage||(d.wp.receiveEmbedMessage=function(e){var t=e.data;if((t||t.secret||t.message||t.value)&&!\/[^a-zA-Z0-9]\/.test(t.secret)){for(var s,r,n,a=l.querySelectorAll('iframe[data-secret=\"'+t.secret+'\"]'),o=l.querySelectorAll('blockquote[data-secret=\"'+t.secret+'\"]'),c=new RegExp(\"^https?:$\",\"i\"),i=0;i<o.length;i++)o[i].style.display=\"none\";for(i=0;i<a.length;i++)s=a[i],e.source===s.contentWindow&&(s.removeAttribute(\"style\"),\"height\"===t.message?(1e3<(r=parseInt(t.value,10))?r=1e3:~~r<200&&(r=200),s.height=r):\"link\"===t.message&&(r=new URL(s.getAttribute(\"src\")),n=new URL(t.value),c.test(n.protocol))&&n.host===r.host&&l.activeElement===s&&(d.top.location.href=t.value))}},d.addEventListener(\"message\",d.wp.receiveEmbedMessage,!1),l.addEventListener(\"DOMContentLoaded\",function(){for(var e,t,s=l.querySelectorAll(\"iframe.wp-embedded-content\"),r=0;r<s.length;r++)(t=(e=s[r]).getAttribute(\"data-secret\"))||(t=Math.random().toString(36).substring(2,12),e.src+=\"#?secret=\"+t,e.setAttribute(\"data-secret\",t)),e.contentWindow.postMessage({message:\"ready\",secret:t},\"*\")},!1)))}(window,document);\n\/\/# sourceURL=https:\/\/aliancaevangelica.pt\/site\/wp-includes\/js\/wp-embed.min.js\n\/* ]]> *\/\n<\/script>\n","thumbnail_url":"https:\/\/aliancaevangelica.pt\/site\/wp-content\/uploads\/2020\/10\/AEP-logo-background_Prancheta-1_Prancheta-1.png","thumbnail_width":1366,"thumbnail_height":768,"description":"Perto est\u00e1 o Senhor dos que t\u00eam o cora\u00e7\u00e3o quebrantado, e salva os contritos de esp\u00edrito. (Salmos\u00a034:18) A Alian\u00e7a Evang\u00e9lica Portuguesa&nbsp;manifesta&nbsp;o seu profundo pesar pelas perdas irrepar\u00e1veis de vidas humanas,&nbsp;bem como&nbsp;a&nbsp;sua sincera&nbsp;solidariedade&nbsp;para&nbsp;com as pessoas feridas e&nbsp;com&nbsp;aquelas que sofreram danos materiais&nbsp;significativos&nbsp;em diversas regi\u00f5es do territ\u00f3rio nacional,&nbsp;na sequ\u00eancia&nbsp;dos tr\u00e1gicos efeitos do fen\u00f3meno meteorol\u00f3gico&nbsp;Kristin,&nbsp;que ocorreu&nbsp;no passado dia 28"}

Solidariedade com as Vítimas da Depressão Kristin - AEP

<blockquote class="wp-embedded-content" data-secret="UQl0Nv6pAs"><a href="https://aliancaevangelica.pt/site/solidariedade-com-as-vitimas-da-depressao-kristin/">Solidariedade com as Vítimas da Depressão Kristin</a></blockquote><iframe sandbox="allow-scripts" security="restricted" src="https://aliancaevangelica.pt/site/solidariedade-com-as-vitimas-da-depressao-kristin/embed/#?secret=UQl0Nv6pAs" width="600" height="338" title="&#8220;Solidariedade com as Vítimas da Depressão Kristin&#8221; &#8212; AEP" data-secret="UQl0Nv6pAs" frameborder="0" marginwidth="0" marginheight="0" scrolling="no" class="wp-embedded-content"></iframe><script type="text/javascript">
/* <![CDATA[ */
/*! This file is auto-generated */
!function(d,l){"use strict";l.querySelector&&d.addEventListener&&"undefined"!=typeof URL&&(d.wp=d.wp||{},d.wp.receiveEmbedMessage||(d.wp.receiveEmbedMessage=function(e){var t=e.data;if((t||t.secret||t.message||t.value)&&!/[^a-zA-Z0-9]/.test(t.secret)){for(var s,r,n,a=l.querySelectorAll('iframe[data-secret="'+t.secret+'"]'),o=l.querySelectorAll('blockquote[data-secret="'+t.secret+'"]'),c=new RegExp("^https?:$","i"),i=0;i<o.length;i++)o[i].style.display="none";for(i=0;i<a.length;i++)s=a[i],e.source===s.contentWindow&&(s.removeAttribute("style"),"height"===t.message?(1e3<(r=parseInt(t.value,10))?r=1e3:~~r<200&&(r=200),s.height=r):"link"===t.message&&(r=new URL(s.getAttribute("src")),n=new URL(t.value),c.test(n.protocol))&&n.host===r.host&&l.activeElement===s&&(d.top.location.href=t.value))}},d.addEventListener("message",d.wp.receiveEmbedMessage,!1),l.addEventListener("DOMContentLoaded",function(){for(var e,t,s=l.querySelectorAll("iframe.wp-embedded-content"),r=0;r<s.length;r++)(t=(e=s[r]).getAttribute("data-secret"))||(t=Math.random().toString(36).substring(2,12),e.src+="#?secret="+t,e.setAttribute("data-secret",t)),e.contentWindow.postMessage({message:"ready",secret:t},"*")},!1)))}(window,document);
//# sourceURL=https://aliancaevangelica.pt/site/wp-includes/js/wp-embed.min.js
/* ]]> */
</script>

Perto está o Senhor dos que têm o coração quebrantado, e salva os contritos de espírito. (Salmos 34:18) A Aliança Evangélica Portuguesa&nbsp;manifesta&nbsp;o seu profundo pesar pelas perdas irreparáveis de vidas humanas,&nbsp;bem como&nbsp;a&nbsp;sua sincera&nbsp;solidariedade&nbsp;para&nbsp;com as pessoas feridas e&nbsp;com&nbsp;aquelas que sofreram danos materiais&nbsp;significativos&nbsp;em diversas regiões do território nacional,&nbsp;na sequência&nbsp;dos trágicos efeitos do fenómeno meteorológico&nbsp;Kristin,&nbsp;que ocorreu&nbsp;no passado dia 28
