{"version":"1.0","provider_name":"AEP","provider_url":"https:\/\/aliancaevangelica.pt\/site","author_name":"AEP","author_url":"https:\/\/aliancaevangelica.pt\/site\/author\/aeportugal\/","title":"I Congresso EUNOIA - Federa\u00e7\u00e3o Social Crist\u00e3 Evang\u00e9lica - AEP","type":"rich","width":600,"height":338,"html":"<blockquote class=\"wp-embedded-content\" data-secret=\"voMPVZ2crm\"><a href=\"https:\/\/aliancaevangelica.pt\/site\/i-congresso-eunoia-federacao-social-crista-evangelica\/\">I Congresso EUNOIA &#8211; Federa\u00e7\u00e3o Social Crist\u00e3 Evang\u00e9lica<\/a><\/blockquote><iframe sandbox=\"allow-scripts\" security=\"restricted\" src=\"https:\/\/aliancaevangelica.pt\/site\/i-congresso-eunoia-federacao-social-crista-evangelica\/embed\/#?secret=voMPVZ2crm\" width=\"600\" height=\"338\" title=\"&#8220;I Congresso EUNOIA &#8211; Federa\u00e7\u00e3o Social Crist\u00e3 Evang\u00e9lica&#8221; &#8212; AEP\" data-secret=\"voMPVZ2crm\" frameborder=\"0\" marginwidth=\"0\" marginheight=\"0\" scrolling=\"no\" class=\"wp-embedded-content\"><\/iframe><script type=\"text\/javascript\">\n\/* <![CDATA[ *\/\n\/*! This file is auto-generated *\/\n!function(d,l){\"use strict\";l.querySelector&&d.addEventListener&&\"undefined\"!=typeof URL&&(d.wp=d.wp||{},d.wp.receiveEmbedMessage||(d.wp.receiveEmbedMessage=function(e){var t=e.data;if((t||t.secret||t.message||t.value)&&!\/[^a-zA-Z0-9]\/.test(t.secret)){for(var s,r,n,a=l.querySelectorAll('iframe[data-secret=\"'+t.secret+'\"]'),o=l.querySelectorAll('blockquote[data-secret=\"'+t.secret+'\"]'),c=new RegExp(\"^https?:$\",\"i\"),i=0;i<o.length;i++)o[i].style.display=\"none\";for(i=0;i<a.length;i++)s=a[i],e.source===s.contentWindow&&(s.removeAttribute(\"style\"),\"height\"===t.message?(1e3<(r=parseInt(t.value,10))?r=1e3:~~r<200&&(r=200),s.height=r):\"link\"===t.message&&(r=new URL(s.getAttribute(\"src\")),n=new URL(t.value),c.test(n.protocol))&&n.host===r.host&&l.activeElement===s&&(d.top.location.href=t.value))}},d.addEventListener(\"message\",d.wp.receiveEmbedMessage,!1),l.addEventListener(\"DOMContentLoaded\",function(){for(var e,t,s=l.querySelectorAll(\"iframe.wp-embedded-content\"),r=0;r<s.length;r++)(t=(e=s[r]).getAttribute(\"data-secret\"))||(t=Math.random().toString(36).substring(2,12),e.src+=\"#?secret=\"+t,e.setAttribute(\"data-secret\",t)),e.contentWindow.postMessage({message:\"ready\",secret:t},\"*\")},!1)))}(window,document);\n\/\/# sourceURL=https:\/\/aliancaevangelica.pt\/site\/wp-includes\/js\/wp-embed.min.js\n\/* ]]> *\/\n<\/script>\n","thumbnail_url":"https:\/\/aliancaevangelica.pt\/site\/wp-content\/uploads\/2022\/02\/Captura-de-ecra\u0303-2022-02-10-a\u0300s-11.25.19.png","thumbnail_width":880,"thumbnail_height":1248,"description":"No pr\u00f3ximo dia 12 de mar\u00e7o ser\u00e1 realizado o I Congresso da EUNOIA &#8211; Federa\u00e7\u00e3o Social Crist\u00e3 Evang\u00e9lica Nas instala\u00e7\u00f5es da ABLA- Associa\u00e7\u00e3o de Benefic\u00eancia Luso-Alem\u00e3 em CARCAVELOS (com possibilidade de participa\u00e7\u00e3o online) Das 10h00 e as 13 horas INSCRI\u00c7\u00d5ES OBRIGAT\u00d3RIAS E LIMITADAS &#8211; &#8211;&nbsp;https:\/\/forms.gle\/ZkRh6KKb1M6HYPpz7 Para todos os que est\u00e3o ou desejam estar mais envolvidos"}

I Congresso EUNOIA - Federação Social Cristã Evangélica - AEP

<blockquote class="wp-embedded-content" data-secret="voMPVZ2crm"><a href="https://aliancaevangelica.pt/site/i-congresso-eunoia-federacao-social-crista-evangelica/">I Congresso EUNOIA &#8211; Federação Social Cristã Evangélica</a></blockquote><iframe sandbox="allow-scripts" security="restricted" src="https://aliancaevangelica.pt/site/i-congresso-eunoia-federacao-social-crista-evangelica/embed/#?secret=voMPVZ2crm" width="600" height="338" title="&#8220;I Congresso EUNOIA &#8211; Federação Social Cristã Evangélica&#8221; &#8212; AEP" data-secret="voMPVZ2crm" frameborder="0" marginwidth="0" marginheight="0" scrolling="no" class="wp-embedded-content"></iframe><script type="text/javascript">
/* <![CDATA[ */
/*! This file is auto-generated */
!function(d,l){"use strict";l.querySelector&&d.addEventListener&&"undefined"!=typeof URL&&(d.wp=d.wp||{},d.wp.receiveEmbedMessage||(d.wp.receiveEmbedMessage=function(e){var t=e.data;if((t||t.secret||t.message||t.value)&&!/[^a-zA-Z0-9]/.test(t.secret)){for(var s,r,n,a=l.querySelectorAll('iframe[data-secret="'+t.secret+'"]'),o=l.querySelectorAll('blockquote[data-secret="'+t.secret+'"]'),c=new RegExp("^https?:$","i"),i=0;i<o.length;i++)o[i].style.display="none";for(i=0;i<a.length;i++)s=a[i],e.source===s.contentWindow&&(s.removeAttribute("style"),"height"===t.message?(1e3<(r=parseInt(t.value,10))?r=1e3:~~r<200&&(r=200),s.height=r):"link"===t.message&&(r=new URL(s.getAttribute("src")),n=new URL(t.value),c.test(n.protocol))&&n.host===r.host&&l.activeElement===s&&(d.top.location.href=t.value))}},d.addEventListener("message",d.wp.receiveEmbedMessage,!1),l.addEventListener("DOMContentLoaded",function(){for(var e,t,s=l.querySelectorAll("iframe.wp-embedded-content"),r=0;r<s.length;r++)(t=(e=s[r]).getAttribute("data-secret"))||(t=Math.random().toString(36).substring(2,12),e.src+="#?secret="+t,e.setAttribute("data-secret",t)),e.contentWindow.postMessage({message:"ready",secret:t},"*")},!1)))}(window,document);
//# sourceURL=https://aliancaevangelica.pt/site/wp-includes/js/wp-embed.min.js
/* ]]> */
</script>

No próximo dia 12 de março será realizado o I Congresso da EUNOIA &#8211; Federação Social Cristã Evangélica Nas instalações da ABLA- Associação de Beneficência Luso-Alemã em CARCAVELOS (com possibilidade de participação online) Das 10h00 e as 13 horas INSCRIÇÕES OBRIGATÓRIAS E LIMITADAS &#8211; &#8211;&nbsp;https://forms.gle/ZkRh6KKb1M6HYPpz7 Para todos os que estão ou desejam estar mais envolvidos
