{"version":"1.0","provider_name":"AEP","provider_url":"https:\/\/aliancaevangelica.pt\/site","author_name":"AEP","author_url":"https:\/\/aliancaevangelica.pt\/site\/author\/aeportugal\/","title":"Entrevista 1 - Helena - AEP","type":"rich","width":600,"height":338,"html":"<blockquote class=\"wp-embedded-content\" data-secret=\"AFk3naHTYL\"><a href=\"https:\/\/aliancaevangelica.pt\/site\/entrevista-1-helena\/\">Entrevista 1 &#8211; Helena<\/a><\/blockquote><iframe sandbox=\"allow-scripts\" security=\"restricted\" src=\"https:\/\/aliancaevangelica.pt\/site\/entrevista-1-helena\/embed\/#?secret=AFk3naHTYL\" width=\"600\" height=\"338\" title=\"&#8220;Entrevista 1 &#8211; Helena&#8221; &#8212; AEP\" data-secret=\"AFk3naHTYL\" frameborder=\"0\" marginwidth=\"0\" marginheight=\"0\" scrolling=\"no\" class=\"wp-embedded-content\"><\/iframe><script type=\"text\/javascript\">\n\/* <![CDATA[ *\/\n\/*! This file is auto-generated *\/\n!function(d,l){\"use strict\";l.querySelector&&d.addEventListener&&\"undefined\"!=typeof URL&&(d.wp=d.wp||{},d.wp.receiveEmbedMessage||(d.wp.receiveEmbedMessage=function(e){var t=e.data;if((t||t.secret||t.message||t.value)&&!\/[^a-zA-Z0-9]\/.test(t.secret)){for(var s,r,n,a=l.querySelectorAll('iframe[data-secret=\"'+t.secret+'\"]'),o=l.querySelectorAll('blockquote[data-secret=\"'+t.secret+'\"]'),c=new RegExp(\"^https?:$\",\"i\"),i=0;i<o.length;i++)o[i].style.display=\"none\";for(i=0;i<a.length;i++)s=a[i],e.source===s.contentWindow&&(s.removeAttribute(\"style\"),\"height\"===t.message?(1e3<(r=parseInt(t.value,10))?r=1e3:~~r<200&&(r=200),s.height=r):\"link\"===t.message&&(r=new URL(s.getAttribute(\"src\")),n=new URL(t.value),c.test(n.protocol))&&n.host===r.host&&l.activeElement===s&&(d.top.location.href=t.value))}},d.addEventListener(\"message\",d.wp.receiveEmbedMessage,!1),l.addEventListener(\"DOMContentLoaded\",function(){for(var e,t,s=l.querySelectorAll(\"iframe.wp-embedded-content\"),r=0;r<s.length;r++)(t=(e=s[r]).getAttribute(\"data-secret\"))||(t=Math.random().toString(36).substring(2,12),e.src+=\"#?secret=\"+t,e.setAttribute(\"data-secret\",t)),e.contentWindow.postMessage({message:\"ready\",secret:t},\"*\")},!1)))}(window,document);\n\/\/# sourceURL=https:\/\/aliancaevangelica.pt\/site\/wp-includes\/js\/wp-embed.min.js\n\/* ]]> *\/\n<\/script>\n","thumbnail_url":"https:\/\/aliancaevangelica.pt\/site\/wp-content\/uploads\/2018\/01\/foto-helena.jpg","thumbnail_width":360,"thumbnail_height":288,"description":"\u201cA ora\u00e7\u00e3o \u00e9 tremenda e maravilhosamente um mist\u00e9rio!\u201d Helena Pais Martins \u00e9 coordenadora do Desperta D\u00e9bora, em Portugal, um minist\u00e9rio de m\u00e3es e pais crist\u00e3os que, por todo o pa\u00eds, assumem um compromisso de ora\u00e7\u00e3o pelos seus filhos e n\u00e3o s\u00f3. Vamos saber mais. &nbsp; AEP: Quem \u00e9 a Helena? Helena: Sou \u2018alfacinha\u2019 &#8211; lembro-me"}

“A oração é tremenda e maravilhosamente um mistério!” Helena Pais Martins é coordenadora do Desperta Débora, em Portugal, um ministério de mães e pais cristãos que, por todo o país, assumem um compromisso de oração pelos seus filhos e não só. Vamos saber mais. &nbsp; AEP: Quem é a Helena? Helena: Sou ‘alfacinha’ &#8211; lembro-me
